ermine p(3).
56
Let m(j) be the third derivative of j**5/60 + 3*j**4/8 - 47*j**3/6 - 3*j**2 + 13. Let c be m(-12). Let n(p) = -p**2 - 14*p - 9. Give n(c).
24
Let s(o) = -o**3 - 5*o**2 + 5*o - 2. Let w be -14*(7/42 - 2/(-6)). Calculate s(w).
61
Suppose -2*g - 5*w + 19 = -0*w, -5*w = -2*g - 11. Suppose 0 = g*s + 5*z - 2, -3*s + 5*z = 6*z - 16. Let h(i) = 0*i**2 + 4 - s*i + 0 - 7 - i**2. Give h(-7).
-10
Let t(u) = -u**2 + 26*u + 21. Suppose -3*j = 5*q - 120, 96*q = 93*q + j + 72. What is t(q)?
69
Let m = -4 + 6. Let t(r) = 7*r - 4*r**m + 2 + 0 + 10*r**2 - 3*r**3 + 2*r**3. Let n be (-21)/4*748/(-561). Determine t(n).
2
Let z(k) = 2*k - 18. Let a(j) = -j**2 - 3*j + 17. Let d(v) = -4*a(v) - 3*z(v). Let r(y) = -3*y**2 - 4*y + 15. Let u(i) = 2*d(i) + 3*r(i). Determine u(0).
17
Suppose 188*u - 31 - 29 = 198*u. Let w be (1*-1)/(4/(-16)). Let x(d) = -w*d**2 + 11*d**2 - 2 + 6*d + 5 + d**3. What is x(u)?
3
Let j = -10 - -19. Let f(m) = 0 + 1 - 1158*m - 1159*m + 2318*m. What is f(j)?
10
Let v be (-9)/(-2) + ((-180)/(-24) - 8). Suppose -2*l = -p - 23, 30 = -l + v*l + 3*p. Let r(g) = -g**2 + 10*g. Calculate r(l).
-11
Suppose -t = -3*z - 6, -4*t + 27 = 4*z + 3. Let o(h) be the third derivative of h**5/60 - h**4/4 + 7*h**3/6 + 110*h**2. Give o(t).
7
Let q(h) = 5*h + 13. Let d(t) = -2*t - 6. Let a(v) = -9*d(v) - 4*q(v). Let n(g) = g**3 - 3*g**2 + 70*g - 217. Let j be n(3). Determine a(j).
16
Suppose 4*d - 32 = 5*v - 357, -5*v - 2*d + 325 = 0. Suppose 41*c + 24*c - v = 0. Let w(j) = -15*j + 1. Give w(c).
-14
Let w be 16 - (16/(-40) + (-3)/5). Let v(r) be the first derivative of -5/3*r**3 - 1/4*r**4 + 5/2*r**2 - 3*r + w. Calculate v(-6).
3
Let p(y) = -y**2 - y + 17. Let r(m) = -11*m**3 - 5*m**2 - 3*m + 2. Let w be r(-2). Let d = 9 - w. Let b = -67 - d. Give p(b).
17
Let r(o) = -8*o + 1. Let v(g) = -82*g + 8. Let k(m) = -20*r(m) + 2*v(m). Let y = 23 - 19. Determine k(y).
-20
Let s(v) = -2*v**2 - 10*v - 18. Let y be (-35)/(-2)*(-20)/25 - -10. Calculate s(y).
-10
Let x(s) = -s + 7. Suppose 27*c = 75*c - 24*c - 624. What is x(c)?
-19
Let u(s) be the third derivative of -s**5/20 - s**4/8 + s**3/3 - 561*s**2. Calculate u(5).
-88
Let d(r) be the first derivative of r**3/3 - 6*r**2 - 36*r + 689. Determine d(15).
9
Let s(l) be the second derivative of -l**5/20 + l**4/4 + l**3/2 - l**2 - 2*l. Suppose -v + 2*r = -9, -12 = -252*v + 250*v + 2*r. What is s(v)?
7
Let i(o) = 2*o**2 - 13*o + 5. Suppose -21*z = -26*z - 120. Let r be (-18)/(-24)*z/(-3). Calculate i(r).
-1
Let y(p) = -p**3 + 4*p**2 - 2*p + 1. Let g = -4346 - -4350. Give y(g).
-7
Let f(z) be the second derivative of -3*z - 27*z**3 - 7*z**2 + 37 + 26*z**3 + 4*z + 6*z**2. What is f(2)?
-14
Suppose 0*k = 3*k - 9. Let z(y) be the first derivative of -y**4/6 - y**3/6 + 5*y**2 - y + 53. Let c(i) be the second derivative of z(i). Determine c(k).
-13
Suppose -8 = -0*o + 4*o. Let a(w) be the third derivative of -w**6/120 - w**5/30 + w**4/12 + w**3/3 - 199*w**2. Let v be a(o). Let i(b) = -5*b. Give i(v).
10
Suppose -4*b = 20, i + 1 = b + 9. Let w(a) be the second derivative of 0 - a**2 + 13*a + 2/3*a**i. What is w(2)?
6
Let b = 14174 + -14178. Let h(z) = 2*z**2 - 19*z - 98. What is h(b)?
10
Let w(p) = -2*p**2 + 32*p + 51. Suppose -164*d + 2*d = -85*d - 1309. Give w(d).
17
Let q(l) be the second derivative of l**4/6 + 31*l**3/3 - 23*l**2 - 6629*l. Give q(-32).
18
Suppose -4*r + 8 = -0. Suppose -2*i - 74 = 2*w, -5*i + 30 = r*w + 95. Let q = w + 38. Let t(b) = 3*b**3 + 3*b**2 + 4*b + 2. Calculate t(q).
-18
Suppose -p + 5*f - 9 = -36, -4*p = -4*f - 28. Suppose p*n = -5*x + 15, -6*x + 2*x - 20 = 0. Let q = n - 24. Let z(h) = h**3 + 4*h**2 - 4*h - 4. Determine z(q).
12
Let n(q) = 4*q**3 - 3*q**2 + 3*q - 2. Let l be 66/8 - (5 + 114/(-24)). Let j be 11 + -14 + -3 + l. Determine n(j).
24
Let b(y) = -30*y**3 + 4*y**2 - 2*y + 5. Let j(o) = -57*o**3 + 9*o**2 - 4*o + 11. Let m(u) = 7*b(u) - 3*j(u). Determine m(1).
-38
Let o be 675/(-54)*12/(-15) - 14. Let a(t) = 0*t - 8 + 2*t - 5*t. What is a(o)?
4
Let z(s) = 2*s**2 + 14*s + 12. Let b be 4/12*18/4*(-28)/6. Give z(b).
12
Let v(d) = 6*d + 11. Let z be (-40)/(-8) - 8/1. Let k be v(z). Let b(l) = -l**3 - 7*l**2 + l + 5. Determine b(k).
-2
Suppose 23*s - 22*s = -9*f + 45, 4*s - 3*f - 63 = 0. Let o(r) = r**2 - 19*r + 5. Give o(s).
-13
Suppose 5*u = 5, 79 = 5*x - 2*u + 11. Let r = 19 - x. Let d be 6/r*(-40)/12. Let l(w) = -w**3 - 5*w**2 - 3*w + 1. Calculate l(d).
-3
Let d(v) be the third derivative of v**5/60 - v**4/24 - 5*v**3/6 - 3*v**2. Let t(n) = n**2 - n - 4. Let i = 299 - 303. Let j(s) = i*t(s) + 3*d(s). Give j(4).
-11
Let q(w) = 121 - 13*w + 15 + 105 + 2. Determine q(19).
-4
Let d(a) = -6*a - 1. Let w be d(-1). Let m = -216 - -216. Let p(i) = m - 36*i + 1 + 34*i - 3. Determine p(w).
-12
Let q(w) be the third derivative of -w**5/60 - w**4/12 + w**3/2 - 326*w**2. Suppose -2*g - 2 = -5*f, -1 + 5 = -g + 4*f. Suppose u + u - g = 0. What is q(u)?
-5
Let k(h) = 4*h**2 - 18*h + 3. Let s be k(5). Let i(p) = -2 + p**3 + 5*p**2 + s*p - 9*p + 14 - 9. Let t = -59 + 56. What is i(t)?
9
Let p(o) = 12*o**3 + 4*o - 3. Suppose -182*n - 5*r - 32 = -184*n, 8 = 2*n - r. Give p(n).
13
Let q(w) = 517*w - 1040*w - 4*w**2 - 2 + 515*w. Let a(x) = 3*x**2 + 8*x + 4. Let y(n) = 5*a(n) + 4*q(n). Determine y(9).
3
Let g(f) = -149708499*f + 149708499*f + 2*f**2 - 1 - f**3. Determine g(2).
-1
Let h(g) = -g**3 + 17*g**2 + 21*g - 51. Let i be h(18). Let s(l) = -2 - 4 + 8*l**2 - 6 + 9*l + 8 - 13*l**3 + 14*l**i. Give s(-7).
-18
Let i(t) = 70*t + 21*t - 92*t - 7. What is i(0)?
-7
Let b(v) be the first derivative of v**2/2 - 5*v + 671. Determine b(-3).
-8
Let x be (-2 - (2 - 7))/((-8)/(-56)). Suppose -4*o + w + 6 = x, -3 = -3*o - 4*w. Let h(i) = -i**3 - 3*i**2 - 2*i - 7. Give h(o).
-1
Let j(k) be the third derivative of 7*k**2 + 0 + 1/60*k**5 - 1/6*k**3 + 0*k - 1/8*k**4. What is j(-3)?
17
Let b = 6 + 0. Let x(k) be the third derivative of -k**7/5040 + k**6/120 - k**5/60 - k**3/3 + 15*k**2 - 1. Let z(p) be the third derivative of x(p). Give z(b).
0
Suppose -22*w + 2*t + 20 = -18*w, -5*w + 58 = 3*t. Let g(n) = 7*n + 2*n - 3*n**2 - 5 + 2*n**2. Calculate g(w).
3
Let u(w) be the third derivative of w**7/280 + w**6/180 + w**5/30 + w**4/12 - 106*w**3/3 - 139*w**2. Let a(m) be the first derivative of u(m). Determine a(-2).
-22
Let u = 0 - 4. Suppose 13*o - 6 = 11*o. Let s(m) = -24*m + o + 29*m - 4*m. Give s(u).
-1
Let j(u) = -2*u**2. Suppose 37*z - z = 5*z + 62. Determine j(z).
-8
Let w(u) = 66*u + 389. Let v = -11248 + 11242. Give w(v).
-7
Suppose 0 = 6*n + 39 - 51. Suppose 3*s + n*g - g = 5, -14 = -4*s - 5*g. Let b(a) be the third derivative of 5*a**4/24 + 6*a**2. Give b(s).
5
Let h(p) = -4*p. Let i(g) = 12*g + 28. Suppose 4*j = k + 2*k - 11, 5*j - 3*k + 13 = 0. Let u be i(j). Give h(u).
-16
Let f(n) be the first derivative of -5/2*n**2 - 1/4*n**4 - 10 + 4*n + 4/3*n**3. Give f(2).
2
Let f(z) be the first derivative of -21*z**2/2 + z + 70. Let b = -588 - -587. What is f(b)?
22
Let x = -48 - -85. Let w be x + 0 + (-3 - -1). Let o(t) = 85*t - 43*t - 1 - w*t - t**2. Give o(6).
5
Suppose -5 = 5*y, -m + 1 = -3*y - 4. Suppose 0 = 3*h - 55 + 16. Let p(b) = -14 - 3*b**3 + h + 3*b + b**3. Calculate p(m).
-11
Let p be 7/2 + (-12)/(-8). Suppose -5*l - 25 + 35 = 0. Let h(d) = -3*d + 0*d**3 - d**3 + 10*d**2 - d**2 - 4*d**l + 5. Calculate h(p).
-10
Let l = 113 + -105. Let f be (l/7)/(0 - (-8)/28). Suppose 8 = 4*y - 9*t + 13*t, 0 = 2*y - 2*t - f. Let g(v) = v**3 + 2*v**2 - 1. Give g(y).
15
Suppose -4*s = -16, 5*o + s + 12 - 1 = 0. Let b(g) = 4 - 1276*g - 4 + 2 - 1419*g + 2695*g + 2*g**2. What is b(o)?
20
Let j(q) = 7*q**3 - 6*q**2 - 10*q - 4. Let b(r) = 19*r**3 - 14*r**2 - 30*r - 13. Let o(g) = 3*b(g) - 8*j(g). Give o(-8).
-55
Let h be 108/(-180) + 346/10. Let i(u) = -h*u**3 - 706 + 705 + 17*u**3 + 2*u. Give i(1).
-16
Let m(a) = -113*a**2 + 42*a - 62. Let k(i) = 16*i**2 - 6*i + 9. Let z(u) = 41*k(u) + 6*m(u). Give z(2).
-79
Let w(g) = -14*g**2 + g - 1. Let l(z) = -13*z**2 + 3*z - 10. Let b(x) = -l(x) + w(x). What is b(-5)?
-6
Let k(p) = 20*p**3 - 4*p + p**2 + 20*p**3 - 39*p**3. Let q be k(-3). Let d be q/(-10) + 32/5. Let i(h) = -h + 6. Give i(d).
-1
Let c(w) = -38*w + 108. Let x(f) = -7*f + 21. Let z(g) = 2*c(g) - 11*x(g). Calculate z(19).
4
Le